{"id":71,"date":"2015-10-21T23:25:36","date_gmt":"2015-10-21T21:25:36","guid":{"rendered":"http:\/\/themes.loc\/workscout\/?page_id=9"},"modified":"2025-12-10T21:10:34","modified_gmt":"2025-12-10T21:10:34","slug":"home","status":"publish","type":"page","link":"https:\/\/kilpuri.fi\/staging\/","title":{"rendered":"Etusivu"},"content":{"rendered":"\t\t<div data-elementor-type=\"wp-page\" data-elementor-id=\"71\" class=\"elementor elementor-71\">\n\t\t\t\t<div class=\"elementor-element elementor-element-1bea418 section-l e-flex e-con-boxed e-con e-parent\" data-id=\"1bea418\" data-element_type=\"container\" data-e-type=\"container\" data-settings=\"{&quot;background_background&quot;:&quot;classic&quot;}\">\n\t\t\t\t\t<div class=\"e-con-inner\">\n\t\t<div class=\"elementor-element elementor-element-7a7b5ab section- e-flex e-con-boxed e-con e-child\" data-id=\"7a7b5ab\" data-element_type=\"container\" data-e-type=\"container\" data-settings=\"{&quot;background_background&quot;:&quot;classic&quot;}\">\n\t\t\t\t\t<div class=\"e-con-inner\">\n\t\t\t\t<div class=\"elementor-element elementor-element-02ed0ae elementor-widget elementor-widget-heading\" data-id=\"02ed0ae\" data-element_type=\"widget\" data-e-type=\"widget\" data-widget_type=\"heading.default\">\n\t\t\t\t<div class=\"elementor-widget-container\">\n\t\t\t\t\t<h2 class=\"elementor-heading-title elementor-size-default\">Kilpailuta kiinteist\u00f6nhoidon ja remontoinnin<br> palveluntarjoajat \u2013 yhdell\u00e4 lomakkeella.<\/h2>\t\t\t\t<\/div>\n\t\t\t\t<\/div>\n\t\t<div class=\"elementor-element elementor-element-39f0d9c e-grid e-con-full e-con e-child\" data-id=\"39f0d9c\" data-element_type=\"container\" data-e-type=\"container\" data-settings=\"{&quot;background_background&quot;:&quot;classic&quot;}\">\n\t\t<div class=\"elementor-element elementor-element-726db59 e-con-full e-flex e-con e-child\" data-id=\"726db59\" data-element_type=\"container\" data-e-type=\"container\">\n\t\t\t\t<div class=\"elementor-element elementor-element-9b1be0e elementor-widget elementor-widget-heading\" data-id=\"9b1be0e\" data-element_type=\"widget\" data-e-type=\"widget\" data-widget_type=\"heading.default\">\n\t\t\t\t<div class=\"elementor-widget-container\">\n\t\t\t\t\t<h5 class=\"elementor-heading-title elementor-size-default\">Mit\u00e4 tarvitset?<\/h5>\t\t\t\t<\/div>\n\t\t\t\t<\/div>\n\t\t<div class=\"elementor-element elementor-element-9749a10 e-con-full e-flex e-con e-child\" data-id=\"9749a10\" data-element_type=\"container\" data-e-type=\"container\" data-settings=\"{&quot;background_background&quot;:&quot;classic&quot;}\">\n\t\t\t\t<div class=\"elementor-element elementor-element-86ef9ca elementor-widget elementor-widget-shortcode\" data-id=\"86ef9ca\" data-element_type=\"widget\" data-e-type=\"widget\" data-widget_type=\"shortcode.default\">\n\t\t\t\t<div class=\"elementor-widget-container\">\n\t\t\t\t\t\t\t<div class=\"elementor-shortcode\"><div class=\"jb-svf-component jb-svf-service-field\">\n    <input \n        type=\"text\" \n        name=\"service\" \n        id=\"jb-svf-service\" \n        placeholder=\"Esim. Putkimies\" \n        autocomplete=\"off\"\n        class=\"jb-svf-input\"\n        required\n    \/>\n<\/div>\n<\/div>\n\t\t\t\t\t\t<\/div>\n\t\t\t\t<\/div>\n\t\t\t\t<\/div>\n\t\t\t\t<\/div>\n\t\t<div class=\"elementor-element elementor-element-d8be315 e-con-full e-flex e-con e-child\" data-id=\"d8be315\" data-element_type=\"container\" data-e-type=\"container\">\n\t\t\t\t<div class=\"elementor-element elementor-element-61235ef elementor-widget elementor-widget-heading\" data-id=\"61235ef\" data-element_type=\"widget\" data-e-type=\"widget\" data-widget_type=\"heading.default\">\n\t\t\t\t<div class=\"elementor-widget-container\">\n\t\t\t\t\t<h5 class=\"elementor-heading-title elementor-size-default\">Minne?<\/h5>\t\t\t\t<\/div>\n\t\t\t\t<\/div>\n\t\t<div class=\"elementor-element elementor-element-693d644 e-con-full e-flex e-con e-child\" data-id=\"693d644\" data-element_type=\"container\" data-e-type=\"container\" data-settings=\"{&quot;background_background&quot;:&quot;classic&quot;}\">\n\t\t\t\t<div class=\"elementor-element elementor-element-46f3844 elementor-widget elementor-widget-shortcode\" data-id=\"46f3844\" data-element_type=\"widget\" data-e-type=\"widget\" data-widget_type=\"shortcode.default\">\n\t\t\t\t<div class=\"elementor-widget-container\">\n\t\t\t\t\t\t\t<div class=\"elementor-shortcode\"><div class=\"jb-svf-component jb-svf-place-field\">\n    <input \n        type=\"text\" \n        name=\"place\" \n        id=\"jb-svf-place\" \n        placeholder=\"Kaupunki, postinumero, osoite\" \n        autocomplete=\"off\"\n        class=\"jb-svf-input\"\n        data-google-api-key=\"AIzaSyBGOEaELByamv1CtXDyyKQ7TbS_Hzv73mQ\"\n    \/>\n    <!-- Piilokent\u00e4t koordinaateille -->\n    <input type=\"hidden\" name=\"lat\" id=\"jb-svf-lat\" value=\"\">\n    <input type=\"hidden\" name=\"lng\" id=\"jb-svf-lng\" value=\"\">\n<\/div>\n<\/div>\n\t\t\t\t\t\t<\/div>\n\t\t\t\t<\/div>\n\t\t\t\t<\/div>\n\t\t\t\t<\/div>\n\t\t<div class=\"elementor-element elementor-element-e358b90 e-con-full e-flex e-con e-child\" data-id=\"e358b90\" data-element_type=\"container\" data-e-type=\"container\">\n\t\t\t\t<div class=\"elementor-element elementor-element-98d0ddb elementor-widget elementor-widget-shortcode\" data-id=\"98d0ddb\" data-element_type=\"widget\" data-e-type=\"widget\" data-widget_type=\"shortcode.default\">\n\t\t\t\t<div class=\"elementor-widget-container\">\n\t\t\t\t\t\t\t<div class=\"elementor-shortcode\"><div class=\"jb-svf-component jb-svf-search-button\">\n    <button type=\"button\" \n            id=\"jb-svf-search-button\" \n            class=\"jb-svf-btn\"\n            data-results-url=\"https:\/\/kilpuri.fi\/staging\/palveluntarjoajat\"\n            data-rest-base=\"https:\/\/kilpuri.fi\/staging\/wp-json\/jb\/v1\">\n        Etsi    <\/button>\n<\/div>\n<\/div>\n\t\t\t\t\t\t<\/div>\n\t\t\t\t<\/div>\n\t\t\t\t<\/div>\n\t\t\t\t<\/div>\n\t\t\t\t\t<\/div>\n\t\t\t\t<\/div>\n\t\t\t\t\t<\/div>\n\t\t\t\t<\/div>\n\t\t<div class=\"elementor-element elementor-element-f2565e9 section-s e-flex e-con-boxed e-con e-parent\" data-id=\"f2565e9\" data-element_type=\"container\" data-e-type=\"container\" data-settings=\"{&quot;background_background&quot;:&quot;classic&quot;}\">\n\t\t\t\t\t<div class=\"e-con-inner\">\n\t\t<div class=\"elementor-element elementor-element-a7ba40c e-con-full e-flex e-con e-child\" data-id=\"a7ba40c\" data-element_type=\"container\" data-e-type=\"container\">\n\t\t\t\t<div class=\"elementor-element elementor-element-c2f3f67 elementor-widget elementor-widget-heading\" data-id=\"c2f3f67\" data-element_type=\"widget\" data-e-type=\"widget\" data-widget_type=\"heading.default\">\n\t\t\t\t<div class=\"elementor-widget-container\">\n\t\t\t\t\t<h2 class=\"elementor-heading-title elementor-size-default\">Yksinkertainen ja nopea tapa l\u00f6yt\u00e4\u00e4 kiinteist\u00f6si tarpeelle tekij\u00e4.<\/h2>\t\t\t\t<\/div>\n\t\t\t\t<\/div>\n\t\t\t\t<div class=\"elementor-element elementor-element-06cd1e3 elementor-align-start elementor-icon-list--layout-traditional elementor-list-item-link-full_width elementor-widget elementor-widget-icon-list\" data-id=\"06cd1e3\" data-element_type=\"widget\" data-e-type=\"widget\" data-widget_type=\"icon-list.default\">\n\t\t\t\t<div class=\"elementor-widget-container\">\n\t\t\t\t\t\t\t<ul class=\"elementor-icon-list-items\">\n\t\t\t\t\t\t\t<li class=\"elementor-icon-list-item\">\n\t\t\t\t\t\t\t\t\t\t\t<span class=\"elementor-icon-list-icon\">\n\t\t\t\t\t\t\t<i aria-hidden=\"true\" class=\"fas fa-flag-checkered\"><\/i>\t\t\t\t\t\t<\/span>\n\t\t\t\t\t\t\t\t\t\t<span class=\"elementor-icon-list-text\">Palvelun k\u00e4ytt\u00f6 on ilmaista.<\/span>\n\t\t\t\t\t\t\t\t\t<\/li>\n\t\t\t\t\t\t\t\t<li class=\"elementor-icon-list-item\">\n\t\t\t\t\t\t\t\t\t\t\t<span class=\"elementor-icon-list-icon\">\n\t\t\t\t\t\t\t<i aria-hidden=\"true\" class=\"fas fa-flag-checkered\"><\/i>\t\t\t\t\t\t<\/span>\n\t\t\t\t\t\t\t\t\t\t<span class=\"elementor-icon-list-text\">Tarjouspyynt\u00f6 ei sido sinua mihink\u00e4\u00e4n.<\/span>\n\t\t\t\t\t\t\t\t\t<\/li>\n\t\t\t\t\t\t\t\t<li class=\"elementor-icon-list-item\">\n\t\t\t\t\t\t\t\t\t\t\t<span class=\"elementor-icon-list-icon\">\n\t\t\t\t\t\t\t<i aria-hidden=\"true\" class=\"fas fa-flag-checkered\"><\/i>\t\t\t\t\t\t<\/span>\n\t\t\t\t\t\t\t\t\t\t<span class=\"elementor-icon-list-text\">Tarjoupyynt\u00f6jen l\u00e4hetys on todella nopeaa.<\/span>\n\t\t\t\t\t\t\t\t\t<\/li>\n\t\t\t\t\t\t\t\t<li class=\"elementor-icon-list-item\">\n\t\t\t\t\t\t\t\t\t\t\t<span class=\"elementor-icon-list-icon\">\n\t\t\t\t\t\t\t<i aria-hidden=\"true\" class=\"fas fa-flag-checkered\"><\/i>\t\t\t\t\t\t<\/span>\n\t\t\t\t\t\t\t\t\t\t<span class=\"elementor-icon-list-text\">Ei rekister\u00f6itymist\u00e4. Saat yhteydenotot suoraan itsellesi.<\/span>\n\t\t\t\t\t\t\t\t\t<\/li>\n\t\t\t\t\t\t\t\t<li class=\"elementor-icon-list-item\">\n\t\t\t\t\t\t\t\t\t\t\t<span class=\"elementor-icon-list-icon\">\n\t\t\t\t\t\t\t<i aria-hidden=\"true\" class=\"fas fa-flag-checkered\"><\/i>\t\t\t\t\t\t<\/span>\n\t\t\t\t\t\t\t\t\t\t<span class=\"elementor-icon-list-text\">Voit sopia projektista suoraan palveluntarjoajan kanssa, eik\u00e4 sinun tarvitse palata sivuillemme.<\/span>\n\t\t\t\t\t\t\t\t\t<\/li>\n\t\t\t\t\t\t\t\t<li class=\"elementor-icon-list-item\">\n\t\t\t\t\t\t\t\t\t\t\t<span class=\"elementor-icon-list-icon\">\n\t\t\t\t\t\t\t<i aria-hidden=\"true\" class=\"fas fa-flag-checkered\"><\/i>\t\t\t\t\t\t<\/span>\n\t\t\t\t\t\t\t\t\t\t<span class=\"elementor-icon-list-text\">Yksityisille, yrityksille ja taloyhti\u00f6ille.<\/span>\n\t\t\t\t\t\t\t\t\t<\/li>\n\t\t\t\t\t\t<\/ul>\n\t\t\t\t\t\t<\/div>\n\t\t\t\t<\/div>\n\t\t\t\t<div class=\"elementor-element elementor-element-7bffff2 elementor-align-left elementor-mobile-align-center elementor-widget elementor-widget-button\" data-id=\"7bffff2\" data-element_type=\"widget\" data-e-type=\"widget\" data-widget_type=\"button.default\">\n\t\t\t\t<div class=\"elementor-widget-container\">\n\t\t\t\t\t\t\t\t\t<div class=\"elementor-button-wrapper\">\n\t\t\t\t\t<a class=\"elementor-button elementor-button-link elementor-size-sm\" href=\"#top\">\n\t\t\t\t\t\t<span class=\"elementor-button-content-wrapper\">\n\t\t\t\t\t\t\t\t\t<span class=\"elementor-button-text\">Hae palvelua, tuotetta tai tekij\u00e4\u00e4<\/span>\n\t\t\t\t\t<\/span>\n\t\t\t\t\t<\/a>\n\t\t\t\t<\/div>\n\t\t\t\t\t\t\t\t<\/div>\n\t\t\t\t<\/div>\n\t\t\t\t<\/div>\n\t\t<div class=\"elementor-element elementor-element-94e0090 elementor-hidden-mobile e-con-full e-flex e-con e-child\" data-id=\"94e0090\" data-element_type=\"container\" data-e-type=\"container\">\n\t\t\t\t<div class=\"elementor-element elementor-element-b6fd4ca elementor-widget elementor-widget-image\" data-id=\"b6fd4ca\" data-element_type=\"widget\" data-e-type=\"widget\" data-widget_type=\"image.default\">\n\t\t\t\t<div class=\"elementor-widget-container\">\n\t\t\t\t\t\t\t\t\t\t\t\t\t\t\t<img fetchpriority=\"high\" decoding=\"async\" width=\"470\" height=\"292\" src=\"https:\/\/kilpuri.fi\/staging\/wp-content\/uploads\/2025\/11\/Kilpuri_kuski_pun.png\" class=\"attachment-full size-full wp-image-1221\" alt=\"\" srcset=\"https:\/\/kilpuri.fi\/staging\/wp-content\/uploads\/2025\/11\/Kilpuri_kuski_pun.png 470w, https:\/\/kilpuri.fi\/staging\/wp-content\/uploads\/2025\/11\/Kilpuri_kuski_pun-300x186.png 300w\" sizes=\"(max-width: 470px) 100vw, 470px\" \/>\t\t\t\t\t\t\t\t\t\t\t\t\t\t\t<\/div>\n\t\t\t\t<\/div>\n\t\t\t\t<\/div>\n\t\t\t\t\t<\/div>\n\t\t\t\t<\/div>\n\t\t<div class=\"elementor-element elementor-element-19e57b6 section-s e-flex e-con-boxed e-con e-parent\" data-id=\"19e57b6\" data-element_type=\"container\" data-e-type=\"container\">\n\t\t\t\t\t<div class=\"e-con-inner\">\n\t\t<div class=\"elementor-element elementor-element-a88af26 e-con-full e-flex e-con e-child\" data-id=\"a88af26\" data-element_type=\"container\" data-e-type=\"container\">\n\t\t\t\t<div class=\"elementor-element elementor-element-ad9ac66 elementor-widget elementor-widget-heading\" data-id=\"ad9ac66\" data-element_type=\"widget\" data-e-type=\"widget\" data-widget_type=\"heading.default\">\n\t\t\t\t<div class=\"elementor-widget-container\">\n\t\t\t\t\t<h3 class=\"elementor-heading-title elementor-size-default\">L\u00f6yd\u00e4 ammattilainen nopeasti.<\/h3>\t\t\t\t<\/div>\n\t\t\t\t<\/div>\n\t\t\t\t<div class=\"elementor-element elementor-element-586376d elementor-widget elementor-widget-text-editor\" data-id=\"586376d\" data-element_type=\"widget\" data-e-type=\"widget\" data-widget_type=\"text-editor.default\">\n\t\t\t\t<div class=\"elementor-widget-container\">\n\t\t\t\t\t\t\t\t\t<p>Palvelumme on k\u00e4yt\u00f6ss\u00e4 usealla eri alalla ja viel\u00e4 useammalla yrityksell\u00e4. <br \/>Haluamme auttaa ihmisi\u00e4 l\u00f6yt\u00e4m\u00e4\u00e4n oikeanlaiset tekij\u00e4t ja asiakkaat.<\/p><p>V\u00e4sym\u00e4t\u00f6n viestinviej\u00e4 palveluksessasi.<\/p>\t\t\t\t\t\t\t\t<\/div>\n\t\t\t\t<\/div>\n\t\t<div class=\"elementor-element elementor-element-705d290 e-grid e-con-full e-con e-child\" data-id=\"705d290\" data-element_type=\"container\" data-e-type=\"container\">\n\t\t\t\t<div class=\"elementor-element elementor-element-655d08a elementor-widget elementor-widget-counter\" data-id=\"655d08a\" data-element_type=\"widget\" data-e-type=\"widget\" data-widget_type=\"counter.default\">\n\t\t\t\t<div class=\"elementor-widget-container\">\n\t\t\t\t\t\t\t<div class=\"elementor-counter\">\n\t\t\t<div class=\"elementor-counter-title\">Tarjouspyynt\u00f6\u00e4 l\u00e4hetetty<\/div>\t\t\t<div class=\"elementor-counter-number-wrapper\">\n\t\t\t\t<span class=\"elementor-counter-number-prefix\"><\/span>\n\t\t\t\t<span class=\"elementor-counter-number\" data-duration=\"2000\" data-to-value=\"2683\" data-from-value=\"0\" data-delimiter=\" \">0<\/span>\n\t\t\t\t<span class=\"elementor-counter-number-suffix\"><\/span>\n\t\t\t<\/div>\n\t\t<\/div>\n\t\t\t\t\t\t<\/div>\n\t\t\t\t<\/div>\n\t\t\t\t<div class=\"elementor-element elementor-element-2dee4d0 elementor-widget elementor-widget-counter\" data-id=\"2dee4d0\" data-element_type=\"widget\" data-e-type=\"widget\" data-widget_type=\"counter.default\">\n\t\t\t\t<div class=\"elementor-widget-container\">\n\t\t\t\t\t\t\t<div class=\"elementor-counter\">\n\t\t\t<div class=\"elementor-counter-title\">Yrityst\u00e4 ja ammattilaista<\/div>\t\t\t<div class=\"elementor-counter-number-wrapper\">\n\t\t\t\t<span class=\"elementor-counter-number-prefix\"><\/span>\n\t\t\t\t<span class=\"elementor-counter-number\" data-duration=\"2000\" data-to-value=\"70\" data-from-value=\"0\" data-delimiter=\" \">0<\/span>\n\t\t\t\t<span class=\"elementor-counter-number-suffix\"><\/span>\n\t\t\t<\/div>\n\t\t<\/div>\n\t\t\t\t\t\t<\/div>\n\t\t\t\t<\/div>\n\t\t\t\t<\/div>\n\t\t\t\t<\/div>\n\t\t\t\t\t<\/div>\n\t\t\t\t<\/div>\n\t\t<div class=\"elementor-element elementor-element-7286aa1 section-xxs e-flex e-con-boxed e-con e-parent\" data-id=\"7286aa1\" data-element_type=\"container\" data-e-type=\"container\" data-settings=\"{&quot;background_background&quot;:&quot;classic&quot;}\">\n\t\t\t\t\t<div class=\"e-con-inner\">\n\t\t<div class=\"elementor-element elementor-element-8a1a156 e-con-full e-flex e-con e-child\" data-id=\"8a1a156\" data-element_type=\"container\" data-e-type=\"container\">\n\t\t\t\t<div class=\"elementor-element elementor-element-2aed5ac elementor-view-default elementor-widget elementor-widget-icon\" data-id=\"2aed5ac\" data-element_type=\"widget\" data-e-type=\"widget\" data-widget_type=\"icon.default\">\n\t\t\t\t<div class=\"elementor-widget-container\">\n\t\t\t\t\t\t\t<div class=\"elementor-icon-wrapper\">\n\t\t\t<div class=\"elementor-icon\">\n\t\t\t<svg xmlns=\"http:\/\/www.w3.org\/2000\/svg\" id=\"Layer_2\" data-name=\"Layer 2\" width=\"337.73\" height=\"84.33\" viewBox=\"0 0 337.73 84.33\"><defs><style>      .cls-1 {        fill: #023b47;      }    <\/style><\/defs><g id=\"a\"><g><path class=\"cls-1\" d=\"M30.31,67.66l-15.49-17.08.25,15.49H1.26L0,.42h14.15l.5,37.6,15.99-16.66,13.57,4.44-18.42,17.84,18.84,19.43-14.32,4.61Z\"><\/path><path class=\"cls-1\" d=\"M56.36,14.74c-4.77,0-7.87-3.1-7.87-7.37s3.01-7.37,7.87-7.37,7.96,3.1,7.96,7.37-3.27,7.37-7.96,7.37ZM51,66.24l-1.17-43.38h14.07l1,43.04-13.9.33Z\"><\/path><path class=\"cls-1\" d=\"M88.51,66.57l-13.98-.42L75.11.33l14.15.33-.75,65.9Z\"><\/path><path class=\"cls-1\" d=\"M126.28,67.75c-5.02,0-9.63-2.09-12.81-5.86l.84,22.44-14.4-.08-1.26-63.06,14.24-.25.17,8.37c3.1-4.44,7.79-7.62,13.73-7.62,13.06,0,20.94,8.88,20.94,22.61s-8.54,23.45-21.44,23.45ZM123.27,34.75c-5.53,0-10.05,5.02-10.05,10.72s4.02,10.55,9.71,10.55c6.2,0,10.05-4.1,10.05-10.8,0-6.11-3.68-10.47-9.71-10.47Z\"><\/path><path class=\"cls-1\" d=\"M187.24,67.41l-.25-9.13c-4.19,5.95-9.04,8.79-16.08,8.79-10.38,0-15.83-5.7-16.58-15.49-.17-1.67-.25-4.35-.25-6.87l.25-21.77,13.9-.25-.17,22.95c0,5.36,2.01,8.62,7.29,8.62,4.35,0,9.63-3.94,11.39-9.38l-.08-21.86,13.9.33.08,44.13-13.4-.08Z\"><\/path><path class=\"cls-1\" d=\"M240.09,35.51c-.92-.17-2.09-.33-3.27-.33-5.86,0-9.71,3.94-11.97,9.88l1.09,20.52-13.73.42-2.34-45.55,13.57-.5.67,11.89c3.43-7.12,7.7-10.72,13.15-10.72,1.26,0,2.6.25,3.6.59l-.75,13.82Z\"><\/path><path class=\"cls-1\" d=\"M252.31,14.74c-4.77,0-7.87-3.1-7.87-7.37s3.01-7.37,7.87-7.37,7.96,3.1,7.96,7.37-3.27,7.37-7.96,7.37ZM246.95,66.24l-1.17-43.38h14.07l1,43.04-13.9.33Z\"><\/path><path class=\"cls-1\" d=\"M275.59,67.83c-4.52,0-8.12-3.52-8.12-8.12s3.52-8.04,7.96-8.04,8.21,3.6,8.21,8.21-3.6,7.96-8.04,7.96Z\"><\/path><path class=\"cls-1\" d=\"M306.99,25.12l.08,3.27,9.63-.5.34,11.14-9.71.5.92,26.88-13.98.25-.84-26.88-7.37.33-.33-10.97,7.45-.42-.08-4.1c-.33-16.75,9.71-24.87,25.29-23.95l.25,12.06c-8.54,0-11.89,3.18-11.64,12.39Z\"><\/path><path class=\"cls-1\" d=\"M329.19,14.74c-4.77,0-7.87-3.1-7.87-7.37s3.01-7.37,7.87-7.37,7.96,3.1,7.96,7.37-3.27,7.37-7.96,7.37ZM323.83,66.24l-1.17-43.38h14.07l1,43.04-13.9.33Z\"><\/path><\/g><\/g><\/svg>\t\t\t<\/div>\n\t\t<\/div>\n\t\t\t\t\t\t<\/div>\n\t\t\t\t<\/div>\n\t\t\t\t<\/div>\n\t\t<div class=\"elementor-element elementor-element-e3f8665 e-con-full e-flex e-con e-child\" data-id=\"e3f8665\" data-element_type=\"container\" data-e-type=\"container\" data-settings=\"{&quot;background_background&quot;:&quot;classic&quot;}\">\n\t\t<div class=\"elementor-element elementor-element-37054da e-con-full e-flex e-con e-child\" data-id=\"37054da\" data-element_type=\"container\" data-e-type=\"container\">\n\t\t\t\t<div class=\"elementor-element elementor-element-4558acb elementor-widget elementor-widget-text-editor\" data-id=\"4558acb\" data-element_type=\"widget\" data-e-type=\"widget\" data-widget_type=\"text-editor.default\">\n\t\t\t\t<div class=\"elementor-widget-container\">\n\t\t\t\t\t\t\t\t\t<p>Tietosuojalauseke<\/p>\t\t\t\t\t\t\t\t<\/div>\n\t\t\t\t<\/div>\n\t\t\t\t<div class=\"elementor-element elementor-element-7d7054e elementor-widget elementor-widget-text-editor\" data-id=\"7d7054e\" data-element_type=\"widget\" data-e-type=\"widget\" data-widget_type=\"text-editor.default\">\n\t\t\t\t<div class=\"elementor-widget-container\">\n\t\t\t\t\t\t\t\t\t<p>Ev\u00e4steasetukset<\/p>\t\t\t\t\t\t\t\t<\/div>\n\t\t\t\t<\/div>\n\t\t\t\t<\/div>\n\t\t<div class=\"elementor-element elementor-element-9cf276a e-con-full e-flex e-con e-child\" data-id=\"9cf276a\" data-element_type=\"container\" data-e-type=\"container\" data-settings=\"{&quot;background_background&quot;:&quot;classic&quot;}\">\n\t\t\t\t<div class=\"elementor-element elementor-element-1c86571 elementor-widget elementor-widget-text-editor\" data-id=\"1c86571\" data-element_type=\"widget\" data-e-type=\"widget\" data-widget_type=\"text-editor.default\">\n\t\t\t\t<div class=\"elementor-widget-container\">\n\t\t\t\t\t\t\t\t\t<p>Asiakaspalvelu<\/p>\t\t\t\t\t\t\t\t<\/div>\n\t\t\t\t<\/div>\n\t\t\t\t<div class=\"elementor-element elementor-element-97bfbf9 elementor-widget elementor-widget-text-editor\" data-id=\"97bfbf9\" data-element_type=\"widget\" data-e-type=\"widget\" data-widget_type=\"text-editor.default\">\n\t\t\t\t<div class=\"elementor-widget-container\">\n\t\t\t\t\t\t\t\t\t<p>Yhteystiedot<\/p>\t\t\t\t\t\t\t\t<\/div>\n\t\t\t\t<\/div>\n\t\t\t\t<\/div>\n\t\t<div class=\"elementor-element elementor-element-f58cdad e-con-full e-flex e-con e-child\" data-id=\"f58cdad\" data-element_type=\"container\" data-e-type=\"container\">\n\t\t\t\t<div class=\"elementor-element elementor-element-59a7a2d elementor-widget elementor-widget-text-editor\" data-id=\"59a7a2d\" data-element_type=\"widget\" data-e-type=\"widget\" data-widget_type=\"text-editor.default\">\n\t\t\t\t<div class=\"elementor-widget-container\">\n\t\t\t\t\t\t\t\t\t<p><a href=\"https:\/\/kilpuri.fi\/palveluntarjoajaksi\/\">Yrityksille<\/a><\/p>\t\t\t\t\t\t\t\t<\/div>\n\t\t\t\t<\/div>\n\t\t\t\t<div class=\"elementor-element elementor-element-ee2fbb6 elementor-widget elementor-widget-text-editor\" data-id=\"ee2fbb6\" data-element_type=\"widget\" data-e-type=\"widget\" data-widget_type=\"text-editor.default\">\n\t\t\t\t<div class=\"elementor-widget-container\">\n\t\t\t\t\t\t\t\t\t<p>Tietoa kilpurista<\/p>\t\t\t\t\t\t\t\t<\/div>\n\t\t\t\t<\/div>\n\t\t\t\t<\/div>\n\t\t<div class=\"elementor-element elementor-element-016fa63 e-con-full e-flex e-con e-child\" data-id=\"016fa63\" data-element_type=\"container\" data-e-type=\"container\" data-settings=\"{&quot;background_background&quot;:&quot;classic&quot;}\">\n\t\t\t\t<div class=\"elementor-element elementor-element-ea917e6 elementor-widget elementor-widget-text-editor\" data-id=\"ea917e6\" data-element_type=\"widget\" data-e-type=\"widget\" data-widget_type=\"text-editor.default\">\n\t\t\t\t<div class=\"elementor-widget-container\">\n\t\t\t\t\t\t\t\t\t<p><a href=\"https:\/\/kilpuri.fi\/\">L\u00e4het\u00e4 tarjouspyynt\u00f6<\/a><\/p>\t\t\t\t\t\t\t\t<\/div>\n\t\t\t\t<\/div>\n\t\t\t\t<div class=\"elementor-element elementor-element-647ac9f elementor-widget elementor-widget-text-editor\" data-id=\"647ac9f\" data-element_type=\"widget\" data-e-type=\"widget\" data-widget_type=\"text-editor.default\">\n\t\t\t\t<div class=\"elementor-widget-container\">\n\t\t\t\t\t\t\t\t\t<p><a href=\"https:\/\/kilpuri.fi\/staging\/miten-kilpuri-toimii\/\">Kuinka kilpuri toimii?<\/a><\/p>\t\t\t\t\t\t\t\t<\/div>\n\t\t\t\t<\/div>\n\t\t\t\t<\/div>\n\t\t\t\t<\/div>\n\t\t\t\t\t<\/div>\n\t\t\t\t<\/div>\n\t\t\t\t<\/div>\n\t\t","protected":false},"excerpt":{"rendered":"<p>Kilpailuta kiinteist\u00f6nhoidon ja remontoinnin palveluntarjoajat \u2013 yhdell\u00e4 lomakkeella. Mit\u00e4 tarvitset? Minne? Yksinkertainen ja nopea tapa l\u00f6yt\u00e4\u00e4 kiinteist\u00f6si tarpeelle tekij\u00e4. Palvelun k\u00e4ytt\u00f6 on ilmaista. Tarjouspyynt\u00f6 ei sido sinua mihink\u00e4\u00e4n. Tarjoupyynt\u00f6jen l\u00e4hetys on todella nopeaa. Ei rekister\u00f6itymist\u00e4. Saat yhteydenotot suoraan itsellesi. Voit sopia projektista suoraan palveluntarjoajan kanssa, eik\u00e4 sinun tarvitse palata sivuillemme. Yksityisille, yrityksille ja taloyhti\u00f6ille. Hae [&hellip;]<\/p>\n","protected":false},"author":1,"featured_media":0,"parent":0,"menu_order":0,"comment_status":"closed","ping_status":"closed","template":"elementor_header_footer","meta":{"footnotes":""},"class_list":["post-71","page","type-page","status-publish","hentry"],"_links":{"self":[{"href":"https:\/\/kilpuri.fi\/staging\/wp-json\/wp\/v2\/pages\/71","targetHints":{"allow":["GET"]}}],"collection":[{"href":"https:\/\/kilpuri.fi\/staging\/wp-json\/wp\/v2\/pages"}],"about":[{"href":"https:\/\/kilpuri.fi\/staging\/wp-json\/wp\/v2\/types\/page"}],"author":[{"embeddable":true,"href":"https:\/\/kilpuri.fi\/staging\/wp-json\/wp\/v2\/users\/1"}],"replies":[{"embeddable":true,"href":"https:\/\/kilpuri.fi\/staging\/wp-json\/wp\/v2\/comments?post=71"}],"version-history":[{"count":536,"href":"https:\/\/kilpuri.fi\/staging\/wp-json\/wp\/v2\/pages\/71\/revisions"}],"predecessor-version":[{"id":1854,"href":"https:\/\/kilpuri.fi\/staging\/wp-json\/wp\/v2\/pages\/71\/revisions\/1854"}],"wp:attachment":[{"href":"https:\/\/kilpuri.fi\/staging\/wp-json\/wp\/v2\/media?parent=71"}],"curies":[{"name":"wp","href":"https:\/\/api.w.org\/{rel}","templated":true}]}}